{"id":1049,"date":"2024-06-04T18:38:54","date_gmt":"2024-06-04T18:38:54","guid":{"rendered":"https:\/\/cheri-heater.com\/esp\/?post_type=product&#038;p=1049"},"modified":"2024-07-30T03:18:07","modified_gmt":"2024-07-30T03:18:07","slug":"pipeline-heater","status":"publish","type":"product","link":"https:\/\/cheri-heater.com\/esp\/product\/pipeline-heater\/","title":{"rendered":"Calentador de tuber\u00eda"},"content":{"rendered":"<p class=\"western\"><span style=\"color: #333333;\"><span style=\"font-family: Roboto, serif;\"><span style=\"font-size: medium;\"><span lang=\"en-US\"><b>F<\/b><\/span><\/span><\/span><\/span><span style=\"color: #333333;\"><span style=\"font-family: Roboto, serif;\"><span style=\"font-size: medium;\"><b>eatures:<\/b><\/span><\/span><\/span> <span style=\"color: #333333;\"><span style=\"font-family: Arial, serif;\"><span style=\"font-size: small;\">1. La eficiencia del calor es superior al 95%. 2. El calentador de tipo vertical ocupa un \u00e1rea peque\u00f1a pero tiene un requisito de altura. El tipo horizontal cubre un \u00e1rea grande pero no tiene requisito de altura. 3. Los materiales del calentador de tuber\u00eda son: acero al carbono, acero inoxidable SUS304, acero inoxidable SUS316L, acero inoxidable 310S, etc. Elija materiales adecuados seg\u00fan los diferentes requisitos del proceso de calentamiento. 4. Los calentadores de tuber\u00eda se calientan mediante tubos el\u00e9ctricos bridados y est\u00e1n equipados con deflectores dise\u00f1ados profesionalmente para asegurar que el tubo de calentamiento el\u00e9ctrico genere calor de manera uniforme y el medio de calefacci\u00f3n absorba el calor completamente. 5. Para requisitos de alta temperatura (la temperatura del aire de salida es superior a 600 grados), use un tubo de calentamiento por radiaci\u00f3n de acero inoxidable 310S resistente a altas temperaturas, y la temperatura del aire de salida puede alcanzar los 800 \u2103.<\/span><\/span><\/span><\/p>\n<p><img fetchpriority=\"high\" decoding=\"async\" class=\"aligncenter size-full wp-image-1054\" src=\"https:\/\/cheri-heater.com\/esp\/wp-content\/uploads\/2024\/06\/decription.png\" alt=\"\" width=\"1213\" height=\"412\" srcset=\"https:\/\/cheri-heater.com\/esp\/wp-content\/uploads\/2024\/06\/decription.png 1213w, https:\/\/cheri-heater.com\/esp\/wp-content\/uploads\/2024\/06\/decription-600x204.png 600w, https:\/\/cheri-heater.com\/esp\/wp-content\/uploads\/2024\/06\/decription-300x102.png 300w, https:\/\/cheri-heater.com\/esp\/wp-content\/uploads\/2024\/06\/decription-1024x348.png 1024w, https:\/\/cheri-heater.com\/esp\/wp-content\/uploads\/2024\/06\/decription-768x261.png 768w\" sizes=\"(max-width: 1213px) 100vw, 1213px\" \/><\/p>\n<p>&nbsp;<\/p>\n<p class=\"western\" align=\"left\"><strong><span style=\"font-family: Helvetica, Arial, sans-serif;\"><span style=\"font-size: medium;\"><span style=\"color: #222222;\">Industrias Aplicables: <\/span><\/span><\/span><\/strong><span style=\"font-family: Helvetica, Arial, sans-serif;\"><span style=\"font-size: medium;\"><span style=\"color: #222222;\">Talleres de reparaci\u00f3n de maquinaria, planta de fabricaci\u00f3n, granjas, talleres de impresi\u00f3n, obras de construcci\u00f3n, energ\u00eda y miner\u00eda<\/span><\/span><\/span><\/p>\n<p class=\"western\" align=\"left\"><strong><span style=\"font-family: Helvetica, Arial, sans-serif;\"><span style=\"font-size: medium;\"><span style=\"color: #222222;\">Lugar de Origen: <\/span><\/span><\/span><\/strong><span style=\"font-family: Helvetica, Arial, sans-serif;\"><span style=\"font-size: medium;\"><span style=\"color: #222222;\">Jiangsu, China<\/span><\/span><\/span><\/p>\n<p class=\"western\" align=\"left\"><strong><span style=\"font-family: Helvetica, Arial, sans-serif;\"><span style=\"font-size: medium;\"><span style=\"color: #222222;\">Peso: <\/span><\/span><\/span><\/strong><span style=\"font-family: Helvetica, Arial, sans-serif;\"><span style=\"font-size: medium;\"><span style=\"color: #222222;\">250 KG<\/span><\/span><\/span><\/p>\n<p class=\"western\" align=\"left\"><strong><span style=\"font-family: Helvetica, Arial, sans-serif;\"><span style=\"font-size: medium;\"><span style=\"color: #222222;\">Garant\u00eda: <\/span><\/span><\/span><\/strong><span style=\"font-family: Helvetica, Arial, sans-serif;\"><span style=\"font-size: medium;\"><span style=\"color: #222222;\">1 A\u00f1o<\/span><\/span><\/span><\/p>\n<p class=\"western\" align=\"left\"><strong><span style=\"font-family: Helvetica, Arial, sans-serif;\"><span style=\"font-size: medium;\"><span style=\"color: #222222;\">Material: <\/span><\/span><\/span><\/strong><span style=\"font-family: Helvetica, Arial, sans-serif;\"><span style=\"font-size: medium;\"><span style=\"color: #222222;\">Acero inoxidable<\/span><\/span><\/span><\/p>\n<p class=\"western\" align=\"left\"><strong><span style=\"font-family: Helvetica, Arial, sans-serif;\"><span style=\"font-size: medium;\"><span style=\"color: #222222;\">Puntos Clave de Venta: <\/span><\/span><\/span><\/strong><span style=\"font-family: Helvetica, Arial, sans-serif;\"><span style=\"font-size: medium;\"><span style=\"color: #222222;\">Ahorro de energ\u00eda<\/span><\/span><\/span><\/p>\n<p class=\"western\" align=\"left\"><strong><span style=\"font-family: Helvetica, Arial, sans-serif;\"><span style=\"font-size: medium;\"><span style=\"color: #222222;\">Condici\u00f3n: <\/span><\/span><\/span><\/strong><span style=\"font-family: Helvetica, Arial, sans-serif;\"><span style=\"font-size: medium;\"><span style=\"color: #222222;\">Nuevo<\/span><\/span><\/span><\/p>\n<p class=\"western\" align=\"left\"><strong><span style=\"font-family: Helvetica, Arial, sans-serif;\"><span style=\"font-size: medium;\"><span style=\"color: #222222;\">Nombre de la Marca: <\/span><\/span><\/span><\/strong><span style=\"font-family: Helvetica, Arial, sans-serif;\"><span style=\"font-size: medium;\"><span style=\"color: #222222;\">Cheri<\/span><\/span><\/span><\/p>\n<p class=\"western\" align=\"left\"><strong><span style=\"font-family: Helvetica, Arial, sans-serif;\"><span style=\"font-size: medium;\"><span style=\"color: #222222;\">Dimensiones (L*W*H): <\/span><\/span><\/span><\/strong><span style=\"font-family: Helvetica, Arial, sans-serif;\"><span style=\"font-size: medium;\"><span style=\"color: #222222;\">1250*285*585<\/span><\/span><\/span><\/p>\n<p class=\"western\" align=\"left\"><strong><span style=\"font-family: Helvetica, Arial, sans-serif;\"><span style=\"font-size: medium;\"><span style=\"color: #222222;\">Rango de Temperatura de Trabajo: <\/span><\/span><\/span><\/strong><span style=\"font-family: Helvetica, Arial, sans-serif;\"><span style=\"font-size: medium;\"><span style=\"color: #222222;\">0 &#8211; 600 \u2103<\/span><\/span><\/span><\/p>\n<p class=\"western\" align=\"left\"><strong><span style=\"font-family: Helvetica, Arial, sans-serif;\"><span style=\"font-size: medium;\"><span style=\"color: #222222;\">Garant\u00eda de Componentes Principales: <\/span><\/span><\/span><\/strong><span style=\"font-family: Helvetica, Arial, sans-serif;\"><span style=\"font-size: medium;\"><span style=\"color: #222222;\">1 A\u00f1o<\/span><\/span><\/span><\/p>\n<p class=\"western\" align=\"left\"><strong><span style=\"font-family: Helvetica, Arial, sans-serif;\"><span style=\"font-size: medium;\"><span style=\"color: #222222;\">Componentes Principales: <\/span><\/span><\/span><\/strong><span style=\"font-family: Helvetica, Arial, sans-serif;\"><span style=\"font-size: medium;\"><span style=\"color: #222222;\">Elementos calefactores<\/span><\/span><\/span><\/p>\n<p class=\"western\" align=\"left\"><strong><span style=\"font-family: Helvetica, Arial, sans-serif;\"><span style=\"font-size: medium;\"><span style=\"color: #222222;\">Nombre del Producto: <\/span><\/span><\/span><\/strong><span style=\"font-family: Helvetica, Arial, sans-serif;\"><span style=\"font-size: medium;\"><span style=\"color: #222222;\">Calentador de tuber\u00eda<\/span><\/span><\/span><\/p>\n<p class=\"western\" align=\"left\"><strong><span style=\"font-family: Helvetica, Arial, sans-serif;\"><span style=\"font-size: medium;\"><span style=\"color: #222222;\">Voltajes Disponibles: <\/span><\/span><\/span><\/strong><span style=\"font-family: Helvetica, Arial, sans-serif;\"><span style=\"font-size: medium;\"><span style=\"color: #222222;\">110V-600V<\/span><\/span><\/span><\/p>\n<p class=\"western\" align=\"left\"><strong><span style=\"font-family: Helvetica, Arial, sans-serif;\"><span style=\"font-size: medium;\"><span style=\"color: #222222;\">Potencia: <\/span><\/span><\/span><\/strong><span style=\"font-family: Helvetica, Arial, sans-serif;\"><span style=\"font-size: medium;\"><span style=\"color: #222222;\">5KW-1000KW<\/span><\/span><\/span><\/p>\n<p class=\"western\" align=\"left\"><strong><span style=\"font-family: Helvetica, Arial, sans-serif;\"><span style=\"font-size: medium;\"><span style=\"color: #222222;\">Medio de Calentamiento: <\/span><\/span><\/span><\/strong><span style=\"font-family: Helvetica, Arial, sans-serif;\"><span style=\"font-size: medium;\"><span style=\"color: #222222;\">l\u00edquido o gas<\/span><\/span><\/span><\/p>\n<p class=\"western\" align=\"left\"><strong><span style=\"font-family: Helvetica, Arial, sans-serif;\"><span style=\"font-size: medium;\"><span style=\"color: #222222;\">Material: <\/span><\/span><\/span><\/strong><span style=\"font-family: Helvetica, Arial, sans-serif;\"><span style=\"font-size: medium;\"><span style=\"color: #222222;\">Acero al carbono o acero inoxidable<\/span><\/span><\/span><\/p>\n<p class=\"western\" align=\"left\"><strong><span style=\"font-family: Helvetica, Arial, sans-serif;\"><span style=\"font-size: medium;\"><span style=\"color: #222222;\">Servicio Postventa Ofrecido: <\/span><\/span><\/span><\/strong><span style=\"font-family: Helvetica, Arial, sans-serif;\"><span style=\"font-size: medium;\"><span style=\"color: #222222;\">Soporte en l\u00ednea<\/span><\/span><\/span><\/p>\n<p class=\"western\" align=\"left\"><strong><span style=\"font-family: Helvetica, Arial, sans-serif;\"><span style=\"font-size: medium;\"><span style=\"color: #222222;\">Material de la funda: <\/span><\/span><\/span><\/strong><span style=\"font-family: Helvetica, Arial, sans-serif;\"><span style=\"font-size: medium;\"><span style=\"color: #222222;\">Acero al carbono o acero inoxidable<\/span><\/span><\/span><\/p>\n<p class=\"western\" align=\"left\"><strong><span style=\"font-family: Helvetica, Arial, sans-serif;\"><span style=\"font-size: medium;\"><span style=\"color: #222222;\">Temperatura de Trabajo: <\/span><\/span><\/span><\/strong><span style=\"font-family: Helvetica, Arial, sans-serif;\"><span style=\"font-size: medium;\"><span style=\"color: #222222;\">0-600\u00b0C<\/span><\/span><\/span><\/p>\n<p class=\"western\" align=\"left\"><strong><span style=\"font-family: Helvetica, Arial, sans-serif;\"><span style=\"font-size: medium;\"><span style=\"color: #222222;\">M\u00e9todo de Calentamiento: <\/span><\/span><\/span><\/strong><span style=\"font-family: Helvetica, Arial, sans-serif;\"><span style=\"font-size: medium;\"><span style=\"color: #222222;\">Calentamiento el\u00e9ctrico<\/span><\/span><\/span><\/p>\n<p class=\"western\" align=\"left\"><strong><span style=\"font-family: Helvetica, Arial, sans-serif;\"><span style=\"font-size: medium;\"><span style=\"color: #222222;\">Embalaje: <\/span><\/span><\/span><\/strong><span style=\"font-family: Helvetica, Arial, sans-serif;\"><span style=\"font-size: medium;\"><span style=\"color: #222222;\">Paquete de madera<\/span><\/span><\/span><\/p>\n<p><img decoding=\"async\" class=\"aligncenter size-full wp-image-1055 lazyload\" data-src=\"https:\/\/cheri-heater.com\/esp\/wp-content\/uploads\/2024\/06\/\u5fae\u4fe1\u56fe\u7247_202306151303051.jpg\" alt=\"\" width=\"711\" height=\"846\" data-srcset=\"https:\/\/cheri-heater.com\/esp\/wp-content\/uploads\/2024\/06\/\u5fae\u4fe1\u56fe\u7247_202306151303051.jpg 711w, https:\/\/cheri-heater.com\/esp\/wp-content\/uploads\/2024\/06\/\u5fae\u4fe1\u56fe\u7247_202306151303051-600x714.jpg 600w, https:\/\/cheri-heater.com\/esp\/wp-content\/uploads\/2024\/06\/\u5fae\u4fe1\u56fe\u7247_202306151303051-252x300.jpg 252w\" data-sizes=\"(max-width: 711px) 100vw, 711px\" src=\"data:image\/svg+xml;base64,PHN2ZyB3aWR0aD0iMSIgaGVpZ2h0PSIxIiB4bWxucz0iaHR0cDovL3d3dy53My5vcmcvMjAwMC9zdmciPjwvc3ZnPg==\" style=\"--smush-placeholder-width: 711px; --smush-placeholder-aspect-ratio: 711\/846;\" \/><\/p>\n","protected":false},"excerpt":{"rendered":"<p class=\"western\" align=\"justify\"><span style=\"color: #333333;\"><span style=\"font-family: Arial, serif;\"><span style=\"font-size: small;\"><span lang=\"en-US\">El calentador de tuber\u00eda es un equipo que ahorra energ\u00eda al precalentar el medio de calefacci\u00f3n. Se instala antes del equipo de medio de calefacci\u00f3n para calentar directamente el medio, permitiendo que circule y se caliente a altas temperaturas, logrando finalmente el objetivo de ahorrar energ\u00eda. Se utiliza ampliamente en el precalentamiento de aceites combustibles como el petr\u00f3leo pesado, el asfalto y el aceite limpio. El calentador de tuber\u00eda est\u00e1 compuesto por un cuerpo y un sistema de control. El elemento calefactor est\u00e1 hecho de tubo de acero inoxidable sin costura como funda protectora, alambre de aleaci\u00f3n resistente a altas temperaturas y polvo de magnesio cristalino de alta pureza, procesado mediante un proceso de compresi\u00f3n. La parte de control adopta circuitos digitales avanzados, disparadores de circuito integrado, etc., que constituyen un sistema de medici\u00f3n y temperatura constante ajustable para garantizar el funcionamiento normal del calentador el\u00e9ctrico.<\/span><\/span><\/span><\/span><\/p>\n","protected":false},"featured_media":1053,"template":"","meta":[],"product_brand":[],"product_cat":[35,34],"product_tag":[],"class_list":{"0":"post-1049","1":"product","2":"type-product","3":"status-publish","4":"has-post-thumbnail","6":"product_cat-silicone-rubber-heater","7":"product_cat-pipeline-heater","9":"first","10":"instock","11":"shipping-taxable","12":"product-type-simple"},"yoast_head":"<!-- This site is optimized with the Yoast SEO plugin v27.4 - https:\/\/yoast.com\/product\/yoast-seo-wordpress\/ -->\n<title>Calentador de tuber\u00eda - Cheri Heater Technology Co.,Ltd.<\/title>\n<meta name=\"robots\" content=\"index, follow, max-snippet:-1, max-image-preview:large, max-video-preview:-1\" \/>\n<link rel=\"canonical\" href=\"https:\/\/cheri-heater.com\/esp\/product\/pipeline-heater\/\" \/>\n<meta property=\"og:locale\" content=\"en_US\" \/>\n<meta property=\"og:type\" content=\"article\" \/>\n<meta property=\"og:title\" content=\"Calentador de tuber\u00eda - Cheri Heater Technology Co.,Ltd.\" \/>\n<meta property=\"og:description\" content=\"El calentador de tuber\u00eda es un equipo que ahorra energ\u00eda al precalentar el medio de calefacci\u00f3n. Se instala antes del equipo de medio de calefacci\u00f3n para calentar directamente el medio, permitiendo que circule y se caliente a altas temperaturas, logrando finalmente el objetivo de ahorrar energ\u00eda. Se utiliza ampliamente en el precalentamiento de aceites combustibles como el petr\u00f3leo pesado, el asfalto y el aceite limpio. El calentador de tuber\u00eda est\u00e1 compuesto por un cuerpo y un sistema de control. El elemento calefactor est\u00e1 hecho de tubo de acero inoxidable sin costura como funda protectora, alambre de aleaci\u00f3n resistente a altas temperaturas y polvo de magnesio cristalino de alta pureza, procesado mediante un proceso de compresi\u00f3n. La parte de control adopta circuitos digitales avanzados, disparadores de circuito integrado, etc., que constituyen un sistema de medici\u00f3n y temperatura constante ajustable para garantizar el funcionamiento normal del calentador el\u00e9ctrico.\" \/>\n<meta property=\"og:url\" content=\"https:\/\/cheri-heater.com\/esp\/product\/pipeline-heater\/\" \/>\n<meta property=\"og:site_name\" content=\"Cheri Heater Technology Co.,Ltd.\" \/>\n<meta property=\"article:modified_time\" content=\"2024-07-30T03:18:07+00:00\" \/>\n<meta property=\"og:image\" content=\"https:\/\/cheri-heater.com\/esp\/wp-content\/uploads\/2024\/06\/\u5fae\u4fe1\u56fe\u7247_202306151303055.jpg\" \/>\n\t<meta property=\"og:image:width\" content=\"750\" \/>\n\t<meta property=\"og:image:height\" content=\"750\" \/>\n\t<meta property=\"og:image:type\" content=\"image\/jpeg\" \/>\n<meta name=\"twitter:card\" content=\"summary_large_image\" \/>\n<meta name=\"twitter:label1\" content=\"Est. reading time\" \/>\n\t<meta name=\"twitter:data1\" content=\"2 minutes\" \/>\n<!-- \/ Yoast SEO plugin. -->","yoast_head_json":{"title":"Calentador de tuber\u00eda - Cheri Heater Technology Co.,Ltd.","robots":{"index":"index","follow":"follow","max-snippet":"max-snippet:-1","max-image-preview":"max-image-preview:large","max-video-preview":"max-video-preview:-1"},"canonical":"https:\/\/cheri-heater.com\/esp\/product\/pipeline-heater\/","og_locale":"en_US","og_type":"article","og_title":"Calentador de tuber\u00eda - Cheri Heater Technology Co.,Ltd.","og_description":"El calentador de tuber\u00eda es un equipo que ahorra energ\u00eda al precalentar el medio de calefacci\u00f3n. Se instala antes del equipo de medio de calefacci\u00f3n para calentar directamente el medio, permitiendo que circule y se caliente a altas temperaturas, logrando finalmente el objetivo de ahorrar energ\u00eda. Se utiliza ampliamente en el precalentamiento de aceites combustibles como el petr\u00f3leo pesado, el asfalto y el aceite limpio. El calentador de tuber\u00eda est\u00e1 compuesto por un cuerpo y un sistema de control. El elemento calefactor est\u00e1 hecho de tubo de acero inoxidable sin costura como funda protectora, alambre de aleaci\u00f3n resistente a altas temperaturas y polvo de magnesio cristalino de alta pureza, procesado mediante un proceso de compresi\u00f3n. La parte de control adopta circuitos digitales avanzados, disparadores de circuito integrado, etc., que constituyen un sistema de medici\u00f3n y temperatura constante ajustable para garantizar el funcionamiento normal del calentador el\u00e9ctrico.","og_url":"https:\/\/cheri-heater.com\/esp\/product\/pipeline-heater\/","og_site_name":"Cheri Heater Technology Co.,Ltd.","article_modified_time":"2024-07-30T03:18:07+00:00","og_image":[{"width":750,"height":750,"url":"https:\/\/cheri-heater.com\/esp\/wp-content\/uploads\/2024\/06\/\u5fae\u4fe1\u56fe\u7247_202306151303055.jpg","type":"image\/jpeg"}],"twitter_card":"summary_large_image","twitter_misc":{"Est. reading time":"2 minutes"},"schema":{"@context":"https:\/\/schema.org","@graph":[{"@type":"WebPage","@id":"https:\/\/cheri-heater.com\/esp\/product\/pipeline-heater\/","url":"https:\/\/cheri-heater.com\/esp\/product\/pipeline-heater\/","name":"Calentador de tuber\u00eda - Cheri Heater Technology Co.,Ltd.","isPartOf":{"@id":"https:\/\/cheri-heater.com\/esp\/#website"},"primaryImageOfPage":{"@id":"https:\/\/cheri-heater.com\/esp\/product\/pipeline-heater\/#primaryimage"},"image":{"@id":"https:\/\/cheri-heater.com\/esp\/product\/pipeline-heater\/#primaryimage"},"thumbnailUrl":"https:\/\/cheri-heater.com\/esp\/wp-content\/uploads\/2024\/06\/\u5fae\u4fe1\u56fe\u7247_202306151303055.jpg","datePublished":"2024-06-04T18:38:54+00:00","dateModified":"2024-07-30T03:18:07+00:00","breadcrumb":{"@id":"https:\/\/cheri-heater.com\/esp\/product\/pipeline-heater\/#breadcrumb"},"inLanguage":"en-US","potentialAction":[{"@type":"ReadAction","target":["https:\/\/cheri-heater.com\/esp\/product\/pipeline-heater\/"]}]},{"@type":"ImageObject","inLanguage":"en-US","@id":"https:\/\/cheri-heater.com\/esp\/product\/pipeline-heater\/#primaryimage","url":"https:\/\/cheri-heater.com\/esp\/wp-content\/uploads\/2024\/06\/\u5fae\u4fe1\u56fe\u7247_202306151303055.jpg","contentUrl":"https:\/\/cheri-heater.com\/esp\/wp-content\/uploads\/2024\/06\/\u5fae\u4fe1\u56fe\u7247_202306151303055.jpg","width":750,"height":750},{"@type":"BreadcrumbList","@id":"https:\/\/cheri-heater.com\/esp\/product\/pipeline-heater\/#breadcrumb","itemListElement":[{"@type":"ListItem","position":1,"name":"Home","item":"https:\/\/cheri-heater.com\/esp\/"},{"@type":"ListItem","position":2,"name":"Products","item":"https:\/\/cheri-heater.com\/esp\/products\/"},{"@type":"ListItem","position":3,"name":"Calentador de tuber\u00eda"}]},{"@type":"WebSite","@id":"https:\/\/cheri-heater.com\/esp\/#website","url":"https:\/\/cheri-heater.com\/esp\/","name":"Cheri Heater Technology Co.,Ltd.","description":"","publisher":{"@id":"https:\/\/cheri-heater.com\/esp\/#organization"},"potentialAction":[{"@type":"SearchAction","target":{"@type":"EntryPoint","urlTemplate":"https:\/\/cheri-heater.com\/esp\/?s={search_term_string}"},"query-input":{"@type":"PropertyValueSpecification","valueRequired":true,"valueName":"search_term_string"}}],"inLanguage":"en-US"},{"@type":"Organization","@id":"https:\/\/cheri-heater.com\/esp\/#organization","name":"Cheri Heater Technology Co.,Ltd.","url":"https:\/\/cheri-heater.com\/esp\/","logo":{"@type":"ImageObject","inLanguage":"en-US","@id":"https:\/\/cheri-heater.com\/esp\/#\/schema\/logo\/image\/","url":"https:\/\/cheri-heater.com\/esp\/wp-content\/uploads\/2024\/06\/cropped-logo-resize.png","contentUrl":"https:\/\/cheri-heater.com\/esp\/wp-content\/uploads\/2024\/06\/cropped-logo-resize.png","width":346,"height":99,"caption":"Cheri Heater Technology Co.,Ltd."},"image":{"@id":"https:\/\/cheri-heater.com\/esp\/#\/schema\/logo\/image\/"}}]}},"_links":{"self":[{"href":"https:\/\/cheri-heater.com\/esp\/wp-json\/wp\/v2\/product\/1049","targetHints":{"allow":["GET"]}}],"collection":[{"href":"https:\/\/cheri-heater.com\/esp\/wp-json\/wp\/v2\/product"}],"about":[{"href":"https:\/\/cheri-heater.com\/esp\/wp-json\/wp\/v2\/types\/product"}],"wp:featuredmedia":[{"embeddable":true,"href":"https:\/\/cheri-heater.com\/esp\/wp-json\/wp\/v2\/media\/1053"}],"wp:attachment":[{"href":"https:\/\/cheri-heater.com\/esp\/wp-json\/wp\/v2\/media?parent=1049"}],"wp:term":[{"taxonomy":"product_brand","embeddable":true,"href":"https:\/\/cheri-heater.com\/esp\/wp-json\/wp\/v2\/product_brand?post=1049"},{"taxonomy":"product_cat","embeddable":true,"href":"https:\/\/cheri-heater.com\/esp\/wp-json\/wp\/v2\/product_cat?post=1049"},{"taxonomy":"product_tag","embeddable":true,"href":"https:\/\/cheri-heater.com\/esp\/wp-json\/wp\/v2\/product_tag?post=1049"}],"curies":[{"name":"wp","href":"https:\/\/api.w.org\/{rel}","templated":true}]}}