{"id":1933,"date":"2025-05-08T03:08:20","date_gmt":"2025-05-08T03:08:20","guid":{"rendered":"https:\/\/cheri-heater.com\/esp\/?post_type=product&#038;p=1933"},"modified":"2025-05-08T03:08:20","modified_gmt":"2025-05-08T03:08:20","slug":"calentador-de-aire-tubular","status":"publish","type":"product","link":"https:\/\/cheri-heater.com\/esp\/product\/calentador-de-aire-tubular\/","title":{"rendered":"Calentador De Aire Tubular"},"content":{"rendered":"","protected":false},"excerpt":{"rendered":"<h2><b><span><span class=\"\">Por qu\u00e9 se destaca el calentador de aire tubular de Cheri Heater<\/span><\/span><\/b><\/h2>\n<p><b><span>El calentador de aire tubular\u00a0<\/span><\/b><span>Cheri Heater\u00a0<\/span><span>est\u00e1 dise\u00f1ado para satisfacer las rigurosas exigencias de las aplicaciones industriales y comerciales. Fabricados con materiales de alta calidad e ingenier\u00eda de precisi\u00f3n, nuestros calentadores ofrecen un rendimiento t\u00e9rmico constante, garantizando un funcionamiento fluido y eficiente de sus operaciones. Dise\u00f1ados para una larga durabilidad, nuestros calentadores gozan de la confianza de empresas de sectores como la manufactura, la climatizaci\u00f3n (HVAC) y las industrias de procesos.<\/span><\/p>\n<h2><b><span>Aplicaciones del calentador de aire tubular en diversas industrias<\/span><\/b><\/h2>\n<p><span>Nuestro\u00a0<\/span><b><span>calentador de aire tubular\u00a0<\/span><\/b><span>ofrece una versatilidad inigualable y sirve para industrias como:<\/span><\/p>\n<ul>\n<li aria-level=\"1\"><b><span>Fabricaci\u00f3n:\u00a0<\/span><\/b><span>Mantener el calor controlado para los equipos y las l\u00edneas de montaje.<\/span><\/li>\n<li aria-level=\"1\"><b><span>Sistemas HVAC:\u00a0<\/span><\/b><span>garantizan un flujo de aire uniforme y una distribuci\u00f3n de la temperatura.<\/span><\/li>\n<li aria-level=\"1\"><b><span>Procesamiento qu\u00edmico:\u00a0<\/span><\/b><span>facilita operaciones cr\u00edticas que requieren una salida t\u00e9rmica confiable.<\/span><\/li>\n<li aria-level=\"1\"><b><span>Alimentos y bebidas:\u00a0<\/span><\/b><span>Apoyar procesos de esterilizaci\u00f3n y secado.<\/span><\/li>\n<\/ul>\n<p><span>Sin importar la escala o complejidad de sus necesidades de calefacci\u00f3n, Cheri Heater ofrece soluciones adaptadas a sus especificaciones.<\/span><\/p>\n<h2><b><span>Caracter\u00edsticas principales del calentador de aire tubular de Cheri Heater<\/span><\/b><\/h2>\n<ol>\n<li aria-level=\"1\"><b><span>Eficiencia excepcional en transferencia de calor\u00a0<\/span><\/b><span>Dise\u00f1ado para optimizar la producci\u00f3n de energ\u00eda t\u00e9rmica, nuestro\u00a0<b>calentador de aire tubular\u00a0<\/b>reduce el consumo de energ\u00eda, disminuyendo los costos operativos.<\/span><b><br \/>\n<\/b><b><\/b><\/li>\n<li aria-level=\"1\"><b><span>Opciones de dise\u00f1o personalizables\u00a0<\/span><\/b><span>Ofrecemos configuraciones flexibles, lo que permite la integraci\u00f3n en sistemas existentes o nuevas configuraciones sin problemas.<\/span><b><br \/>\n<\/b><\/li>\n<li aria-level=\"1\"><b><span>Materiales resistentes a la corrosi\u00f3n\u00a0<\/span><\/b><span>Construidos para soportar entornos hostiles, nuestros calentadores garantizan confiabilidad y minimizan los requisitos de mantenimiento.<\/span><b><br \/>\n<\/b><\/li>\n<li aria-level=\"1\"><b><span>Control de temperatura de precisi\u00f3n\u00a0<\/span><\/b><span>Logre una regulaci\u00f3n de calor precisa para aplicaciones cr\u00edticas, protegiendo los est\u00e1ndares operativos y la calidad del producto.<\/span><b><br \/>\n<\/b><\/li>\n<li aria-level=\"1\"><b><span>Cumplimiento de los est\u00e1ndares de la industria\u00a0<\/span><\/b><span>Todos los productos Cheri Heater, incluido el\u00a0<b>calentador de aire tubular\u00a0<\/b>, cumplen con las certificaciones globales de seguridad y rendimiento.<\/span><b><br \/>\n<\/b><b><\/b><\/li>\n<\/ol>\n<h2><b><span>Por qu\u00e9 los compradores corporativos prefieren el calentador Cheri<\/span><\/b><\/h2>\n<p><span>En Cheri Heater, combinamos ingenier\u00eda innovadora con un enfoque centrado en el cliente. Los compradores al por mayor se benefician de precios competitivos, entregas \u00e1giles y un equipo listo para ayudarle con la instalaci\u00f3n y el soporte t\u00e9cnico. Ya sea que est\u00e9 actualizando sus sistemas existentes o planeando un nuevo proyecto, nuestro\u00a0<\/span><b><span>calentador de aire tubular\u00a0<\/span><\/b><span>es una inversi\u00f3n en eficiencia y confiabilidad.<\/span><\/p>\n","protected":false},"featured_media":1934,"template":"","meta":[],"product_brand":[],"product_cat":[28],"product_tag":[214],"class_list":{"0":"post-1933","1":"product","2":"type-product","3":"status-publish","4":"has-post-thumbnail","6":"product_cat-tubular-heater","7":"product_tag-calentador-de-aire-tubular","9":"first","10":"instock","11":"shipping-taxable","12":"product-type-simple"},"yoast_head":"<!-- This site is optimized with the Yoast SEO plugin v27.5 - https:\/\/yoast.com\/product\/yoast-seo-wordpress\/ -->\n<title>Calentador de aire tubular de alta calidad | Cheri-heater.com<\/title>\n<meta name=\"description\" content=\"Descubra los calentadores de aire tubulares de alta eficiencia para un control preciso de la temperatura en aplicaciones industriales. Soluciones duraderas, fiables y de bajo consumo.\" \/>\n<meta name=\"robots\" content=\"index, follow, max-snippet:-1, max-image-preview:large, max-video-preview:-1\" \/>\n<link rel=\"canonical\" href=\"https:\/\/cheri-heater.com\/esp\/product\/calentador-de-aire-tubular\/\" \/>\n<meta property=\"og:locale\" content=\"en_US\" \/>\n<meta property=\"og:type\" content=\"article\" \/>\n<meta property=\"og:title\" content=\"Calentador de aire tubular de alta calidad | Cheri-heater.com\" \/>\n<meta property=\"og:description\" content=\"Descubra los calentadores de aire tubulares de alta eficiencia para un control preciso de la temperatura en aplicaciones industriales. Soluciones duraderas, fiables y de bajo consumo.\" \/>\n<meta property=\"og:url\" content=\"https:\/\/cheri-heater.com\/esp\/product\/calentador-de-aire-tubular\/\" \/>\n<meta property=\"og:site_name\" content=\"Cheri Heater Technology Co.,Ltd.\" \/>\n<meta property=\"og:image\" content=\"https:\/\/cheri-heater.com\/esp\/wp-content\/uploads\/2025\/05\/i-15-1.jpg\" \/>\n\t<meta property=\"og:image:width\" content=\"320\" \/>\n\t<meta property=\"og:image:height\" content=\"320\" \/>\n\t<meta property=\"og:image:type\" content=\"image\/jpeg\" \/>\n<meta name=\"twitter:card\" content=\"summary_large_image\" \/>\n<meta name=\"twitter:label1\" content=\"Est. reading time\" \/>\n\t<meta name=\"twitter:data1\" content=\"1 minute\" \/>\n<!-- \/ Yoast SEO plugin. -->","yoast_head_json":{"title":"Calentador de aire tubular de alta calidad | Cheri-heater.com","description":"Descubra los calentadores de aire tubulares de alta eficiencia para un control preciso de la temperatura en aplicaciones industriales. Soluciones duraderas, fiables y de bajo consumo.","robots":{"index":"index","follow":"follow","max-snippet":"max-snippet:-1","max-image-preview":"max-image-preview:large","max-video-preview":"max-video-preview:-1"},"canonical":"https:\/\/cheri-heater.com\/esp\/product\/calentador-de-aire-tubular\/","og_locale":"en_US","og_type":"article","og_title":"Calentador de aire tubular de alta calidad | Cheri-heater.com","og_description":"Descubra los calentadores de aire tubulares de alta eficiencia para un control preciso de la temperatura en aplicaciones industriales. Soluciones duraderas, fiables y de bajo consumo.","og_url":"https:\/\/cheri-heater.com\/esp\/product\/calentador-de-aire-tubular\/","og_site_name":"Cheri Heater Technology Co.,Ltd.","og_image":[{"width":320,"height":320,"url":"https:\/\/cheri-heater.com\/esp\/wp-content\/uploads\/2025\/05\/i-15-1.jpg","type":"image\/jpeg"}],"twitter_card":"summary_large_image","twitter_misc":{"Est. reading time":"1 minute"},"schema":{"@context":"https:\/\/schema.org","@graph":[{"@type":"WebPage","@id":"https:\/\/cheri-heater.com\/esp\/product\/calentador-de-aire-tubular\/","url":"https:\/\/cheri-heater.com\/esp\/product\/calentador-de-aire-tubular\/","name":"Calentador de aire tubular de alta calidad | Cheri-heater.com","isPartOf":{"@id":"https:\/\/cheri-heater.com\/esp\/#website"},"primaryImageOfPage":{"@id":"https:\/\/cheri-heater.com\/esp\/product\/calentador-de-aire-tubular\/#primaryimage"},"image":{"@id":"https:\/\/cheri-heater.com\/esp\/product\/calentador-de-aire-tubular\/#primaryimage"},"thumbnailUrl":"https:\/\/cheri-heater.com\/esp\/wp-content\/uploads\/2025\/05\/i-15-1.jpg","datePublished":"2025-05-08T03:08:20+00:00","description":"Descubra los calentadores de aire tubulares de alta eficiencia para un control preciso de la temperatura en aplicaciones industriales. Soluciones duraderas, fiables y de bajo consumo.","breadcrumb":{"@id":"https:\/\/cheri-heater.com\/esp\/product\/calentador-de-aire-tubular\/#breadcrumb"},"inLanguage":"en-US","potentialAction":[{"@type":"ReadAction","target":["https:\/\/cheri-heater.com\/esp\/product\/calentador-de-aire-tubular\/"]}]},{"@type":"ImageObject","inLanguage":"en-US","@id":"https:\/\/cheri-heater.com\/esp\/product\/calentador-de-aire-tubular\/#primaryimage","url":"https:\/\/cheri-heater.com\/esp\/wp-content\/uploads\/2025\/05\/i-15-1.jpg","contentUrl":"https:\/\/cheri-heater.com\/esp\/wp-content\/uploads\/2025\/05\/i-15-1.jpg","width":320,"height":320,"caption":"CALENTADORES TUBULARES"},{"@type":"BreadcrumbList","@id":"https:\/\/cheri-heater.com\/esp\/product\/calentador-de-aire-tubular\/#breadcrumb","itemListElement":[{"@type":"ListItem","position":1,"name":"Home","item":"https:\/\/cheri-heater.com\/esp\/"},{"@type":"ListItem","position":2,"name":"Products","item":"https:\/\/cheri-heater.com\/esp\/products\/"},{"@type":"ListItem","position":3,"name":"Calentador De Aire Tubular"}]},{"@type":"WebSite","@id":"https:\/\/cheri-heater.com\/esp\/#website","url":"https:\/\/cheri-heater.com\/esp\/","name":"Cheri Heater Technology Co.,Ltd.","description":"","publisher":{"@id":"https:\/\/cheri-heater.com\/esp\/#organization"},"potentialAction":[{"@type":"SearchAction","target":{"@type":"EntryPoint","urlTemplate":"https:\/\/cheri-heater.com\/esp\/?s={search_term_string}"},"query-input":{"@type":"PropertyValueSpecification","valueRequired":true,"valueName":"search_term_string"}}],"inLanguage":"en-US"},{"@type":"Organization","@id":"https:\/\/cheri-heater.com\/esp\/#organization","name":"Cheri Heater Technology Co.,Ltd.","url":"https:\/\/cheri-heater.com\/esp\/","logo":{"@type":"ImageObject","inLanguage":"en-US","@id":"https:\/\/cheri-heater.com\/esp\/#\/schema\/logo\/image\/","url":"https:\/\/cheri-heater.com\/esp\/wp-content\/uploads\/2024\/06\/cropped-logo-resize.png","contentUrl":"https:\/\/cheri-heater.com\/esp\/wp-content\/uploads\/2024\/06\/cropped-logo-resize.png","width":346,"height":99,"caption":"Cheri Heater Technology Co.,Ltd."},"image":{"@id":"https:\/\/cheri-heater.com\/esp\/#\/schema\/logo\/image\/"}}]}},"_links":{"self":[{"href":"https:\/\/cheri-heater.com\/esp\/wp-json\/wp\/v2\/product\/1933","targetHints":{"allow":["GET"]}}],"collection":[{"href":"https:\/\/cheri-heater.com\/esp\/wp-json\/wp\/v2\/product"}],"about":[{"href":"https:\/\/cheri-heater.com\/esp\/wp-json\/wp\/v2\/types\/product"}],"wp:featuredmedia":[{"embeddable":true,"href":"https:\/\/cheri-heater.com\/esp\/wp-json\/wp\/v2\/media\/1934"}],"wp:attachment":[{"href":"https:\/\/cheri-heater.com\/esp\/wp-json\/wp\/v2\/media?parent=1933"}],"wp:term":[{"taxonomy":"product_brand","embeddable":true,"href":"https:\/\/cheri-heater.com\/esp\/wp-json\/wp\/v2\/product_brand?post=1933"},{"taxonomy":"product_cat","embeddable":true,"href":"https:\/\/cheri-heater.com\/esp\/wp-json\/wp\/v2\/product_cat?post=1933"},{"taxonomy":"product_tag","embeddable":true,"href":"https:\/\/cheri-heater.com\/esp\/wp-json\/wp\/v2\/product_tag?post=1933"}],"curies":[{"name":"wp","href":"https:\/\/api.w.org\/{rel}","templated":true}]}}