{"id":916,"date":"2024-06-04T18:00:13","date_gmt":"2024-06-04T18:00:13","guid":{"rendered":"https:\/\/cheri-heater.com\/esp\/?post_type=product&#038;p=916"},"modified":"2024-07-27T11:47:10","modified_gmt":"2024-07-27T11:47:10","slug":"cartridge-heater-for-3d-printer","status":"publish","type":"product","link":"https:\/\/cheri-heater.com\/esp\/product\/cartridge-heater-for-3d-printer\/","title":{"rendered":"calentador de cartucho para impresora 3D"},"content":{"rendered":"<table width=\"745\" cellspacing=\"0\" cellpadding=\"0\">\n<tbody>\n<tr>\n<td bgcolor=\"#ffffff\" width=\"291\" height=\"23\">\n<p class=\"western\" align=\"center\"><span style=\"font-size: medium;\"><span style=\"font-family: Arial, sans-serif;\">Cable de calefacci\u00f3n de resistencia<\/span><\/span><\/p>\n<\/td>\n<td bgcolor=\"#ffffff\" width=\"452\">\n<p class=\"western\" align=\"center\"><span style=\"font-size: medium;\"><span style=\"font-family: Arial, sans-serif;\">Cable NiCr 80\/20<\/span><\/span><\/p>\n<\/td>\n<\/tr>\n<tr>\n<td bgcolor=\"#ffffff\" width=\"291\" height=\"24\">\n<p class=\"western\" align=\"center\"><span style=\"font-size: medium;\"><span style=\"font-family: Arial, sans-serif;\">Tolerancia de potencia<\/span><\/span><\/p>\n<\/td>\n<td bgcolor=\"#ffffff\" width=\"452\">\n<p class=\"western\" align=\"center\"><span style=\"font-size: medium;\"><span style=\"font-family: Arial, sans-serif;\">+5%, -10%<\/span><\/span><\/p>\n<\/td>\n<\/tr>\n<tr>\n<td bgcolor=\"#ffffff\" width=\"291\" height=\"24\">\n<p class=\"western\" align=\"center\"><span style=\"font-size: medium;\"><span style=\"font-family: Arial, sans-serif;\">Tolerancia de resistencia<\/span><\/span><\/p>\n<\/td>\n<td bgcolor=\"#ffffff\" width=\"452\">\n<p class=\"western\" align=\"center\"><span style=\"font-size: medium;\"><span style=\"font-family: Arial, sans-serif;\">+10%, -5%<\/span><\/span><\/p>\n<\/td>\n<\/tr>\n<tr>\n<td bgcolor=\"#ffffff\" width=\"291\" height=\"24\">\n<p class=\"western\" align=\"center\"><span style=\"font-size: medium;\"><span style=\"font-family: Arial, sans-serif;\">Tolerancia de longitud<\/span><\/span><\/p>\n<\/td>\n<td bgcolor=\"#ffffff\" width=\"452\">\n<p class=\"western\" align=\"center\"><span style=\"font-size: medium;\"><span style=\"font-family: Arial, sans-serif;\">\u00b11 mm<\/span><\/span><\/p>\n<\/td>\n<\/tr>\n<tr>\n<td bgcolor=\"#ffffff\" width=\"291\" height=\"24\">\n<p class=\"western\" align=\"center\"><span style=\"font-size: medium;\"><span style=\"font-family: Arial, sans-serif;\">Tolerancia de di\u00e1metro<\/span><\/span><\/p>\n<\/td>\n<td bgcolor=\"#ffffff\" width=\"452\">\n<p class=\"western\" align=\"center\"><span style=\"font-size: medium;\"><span style=\"font-family: Arial, sans-serif;\">-0.02 mm<\/span><\/span><\/p>\n<\/td>\n<\/tr>\n<tr>\n<td bgcolor=\"#ffffff\" width=\"291\" height=\"24\">\n<p class=\"western\" align=\"center\"><span style=\"font-size: medium;\"><span style=\"font-family: Arial, sans-serif;\">Zona fr\u00eda est\u00e1ndar<\/span><\/span><\/p>\n<\/td>\n<td bgcolor=\"#ffffff\" width=\"452\">\n<p class=\"western\" align=\"center\"><span style=\"font-size: medium;\"><span style=\"font-family: Arial, sans-serif;\">5-10 mm<\/span><\/span><\/p>\n<\/td>\n<\/tr>\n<tr>\n<td bgcolor=\"#ffffff\" width=\"291\" height=\"24\">\n<p class=\"western\" align=\"center\"><span style=\"font-size: medium;\"><span style=\"font-family: Arial, sans-serif;\">Resistencia de aislamiento (fr\u00edo)<\/span><\/span><\/p>\n<\/td>\n<td bgcolor=\"#ffffff\" width=\"452\">\n<p class=\"western\" align=\"center\">\u2265 <span style=\"font-family: Arial, sans-serif;\"><span style=\"font-size: medium;\">500 M\u03a9<\/span><\/span><\/p>\n<\/td>\n<\/tr>\n<tr>\n<td bgcolor=\"#ffffff\" width=\"291\" height=\"24\">\n<p class=\"western\" align=\"center\"><span style=\"font-size: medium;\"><span style=\"font-family: Arial, sans-serif;\">Corriente de fuga m\u00e1xima (fr\u00edo)<\/span><\/span><\/p>\n<\/td>\n<td bgcolor=\"#ffffff\" width=\"452\">\n<p class=\"western\" align=\"center\">\u2264 <span style=\"font-family: Arial, sans-serif;\"><span style=\"font-size: medium;\">0.5 mA<\/span><\/span><\/p>\n<\/td>\n<\/tr>\n<tr>\n<td bgcolor=\"#ffffff\" width=\"291\" height=\"28\">\n<p class=\"western\" align=\"center\"><span style=\"font-size: medium;\"><span style=\"font-family: Arial, sans-serif;\">Ubicaci\u00f3n del termopar<\/span><\/span><\/p>\n<\/td>\n<td bgcolor=\"#ffffff\" width=\"452\">\n<p class=\"western\" align=\"center\"><span style=\"font-size: medium;\"><span style=\"font-family: Arial, sans-serif;\">Tipo J \/ K \/ Cable a tierra<\/span><\/span><\/p>\n<\/td>\n<\/tr>\n<\/tbody>\n<\/table>\n","protected":false},"excerpt":{"rendered":"<h2><span lang=\"ES\" style=\"color: #000000;\">Mejores Fabricantes de Calentadores para Impresoras 3D<\/span><\/h2>\n<p class=\"Normal1\"><span lang=\"ES\" style=\"color: #000000;\">Cheri Heater Co. es un destacado fabricante de calentadores para impresoras 3D con un estricto proceso de calidad. Nuestros productos son conocidos por sus altos est\u00e1ndares de calidad, que garantizan seguridad y fiabilidad.<\/span><\/p>\n<h3><span style=\"color: #000000;\"><a style=\"color: #000000;\" name=\"_h8hnhmuopb04\"><\/a><span lang=\"ES\">\u00bfQu\u00e9 es un Calentador para Impresoras 3D?<\/span><\/span><\/h3>\n<p class=\"Normal1\"><span lang=\"ES\" style=\"color: #000000;\">Un calentador de cartucho para impresoras 3D es un tipo espec\u00edfico dise\u00f1ado para su uso en impresoras 3D. Es responsable de calentar la boquilla y fundir el material de filamento antes de la extrusi\u00f3n. Son compactos y tienen forma cil\u00edndrica para encajar perfectamente en el conjunto del extremo caliente.<\/span><\/p>\n<h3><span style=\"color: #000000;\"><a style=\"color: #000000;\" name=\"_q69mu7xpqrm\"><\/a><span lang=\"ES\">Beneficios del Calentador para Impresoras 3D<\/span><\/span><\/h3>\n<p class=\"Normal1\"><span lang=\"ES\" style=\"color: #000000;\">Cheri Heater Co. es conocida como un fabricante confiable de calentadores para impresoras 3D. Nuestros calentadores han demostrado mantener temperaturas entre 200\u00b0C y 300\u00b0C. Tienen un control de temperatura preciso y consistente logrado mediante sensores y controladores de temperatura.<\/span><\/p>\n<p class=\"Normal1\"><span lang=\"ES\" style=\"color: #000000;\">Nuestros calentadores ayudan a ahorrar tiempo al permitir que las impresoras alcancen r\u00e1pidamente la temperatura de impresi\u00f3n requerida. Nuestros calentadores de cartucho para impresoras 3D est\u00e1n fabricados con materiales de alta calidad para ofrecer durabilidad y resistencia al desgaste incluso durante un uso prolongado.<\/span><\/p>\n<h3><span style=\"color: #000000;\"><a style=\"color: #000000;\" name=\"_wq8x5862et7r\"><\/a><span lang=\"ES\">Aplicaciones del Calentador para Impresoras 3D<\/span><\/span><\/h3>\n<p class=\"Normal1\"><span lang=\"ES\" style=\"color: #000000;\">Utilizar calentadores de cartucho compatibles y de alta calidad en impresoras 3D es fundamental para garantizar resultados de impresi\u00f3n estables y consistentes. Nuestra unidad de fabricaci\u00f3n de calentadores para impresoras 3D produce varios calentadores basados en las especificaciones de la impresora. La impresi\u00f3n 3D ha experimentado un r\u00e1pido crecimiento al adaptarse a la tecnolog\u00eda. Se utiliza ampliamente para publicidad, etiquetas de marca, escenas de realidad virtual y muchas otras industrias. Un calentador para impresoras 3D es una pieza crucial de equipo para asegurar la calidad de impresi\u00f3n.<\/span><\/p>\n","protected":false},"featured_media":938,"template":"","meta":[],"product_brand":[],"product_cat":[21],"product_tag":[152],"class_list":{"0":"post-916","1":"product","2":"type-product","3":"status-publish","4":"has-post-thumbnail","6":"product_cat-cartridge-heater","7":"product_tag-cartridge-heater-for-3d-printer","9":"first","10":"instock","11":"shipping-taxable","12":"product-type-simple"},"yoast_head":"<!-- This site is optimized with the Yoast SEO plugin v27.3 - https:\/\/yoast.com\/product\/yoast-seo-wordpress\/ -->\n<title>Fabricantes de calentadores para impresoras 3D de alta calidad | Cheri-heater.com<\/title>\n<meta name=\"description\" content=\"Principales fabricantes de calentadores para impresoras 3D que ofrecen soluciones de calefacci\u00f3n fiables y precisas para un rendimiento \u00f3ptimo en la impresi\u00f3n 3D. \u00a1Cont\u00e1ctenos para dise\u00f1os personalizados\" \/>\n<meta name=\"robots\" content=\"index, follow, max-snippet:-1, max-image-preview:large, max-video-preview:-1\" \/>\n<link rel=\"canonical\" href=\"https:\/\/cheri-heater.com\/esp\/product\/cartridge-heater-for-3d-printer\/\" \/>\n<meta property=\"og:locale\" content=\"en_US\" \/>\n<meta property=\"og:type\" content=\"article\" \/>\n<meta property=\"og:title\" content=\"Fabricantes de calentadores para impresoras 3D de alta calidad | Cheri-heater.com\" \/>\n<meta property=\"og:description\" content=\"Principales fabricantes de calentadores para impresoras 3D que ofrecen soluciones de calefacci\u00f3n fiables y precisas para un rendimiento \u00f3ptimo en la impresi\u00f3n 3D. \u00a1Cont\u00e1ctenos para dise\u00f1os personalizados\" \/>\n<meta property=\"og:url\" content=\"https:\/\/cheri-heater.com\/esp\/product\/cartridge-heater-for-3d-printer\/\" \/>\n<meta property=\"og:site_name\" content=\"Cheri Heater Technology Co.,Ltd.\" \/>\n<meta property=\"article:modified_time\" content=\"2024-07-27T11:47:10+00:00\" \/>\n<meta property=\"og:image\" content=\"https:\/\/cheri-heater.com\/esp\/wp-content\/uploads\/2024\/06\/Cheri-Electrothermal-Equipment-Limited-Company-31.jpg\" \/>\n\t<meta property=\"og:image:width\" content=\"786\" \/>\n\t<meta property=\"og:image:height\" content=\"572\" \/>\n\t<meta property=\"og:image:type\" content=\"image\/jpeg\" \/>\n<meta name=\"twitter:card\" content=\"summary_large_image\" \/>\n<meta name=\"twitter:label1\" content=\"Est. reading time\" \/>\n\t<meta name=\"twitter:data1\" content=\"2 minutes\" \/>\n<!-- \/ Yoast SEO plugin. -->","yoast_head_json":{"title":"Fabricantes de calentadores para impresoras 3D de alta calidad | Cheri-heater.com","description":"Principales fabricantes de calentadores para impresoras 3D que ofrecen soluciones de calefacci\u00f3n fiables y precisas para un rendimiento \u00f3ptimo en la impresi\u00f3n 3D. \u00a1Cont\u00e1ctenos para dise\u00f1os personalizados","robots":{"index":"index","follow":"follow","max-snippet":"max-snippet:-1","max-image-preview":"max-image-preview:large","max-video-preview":"max-video-preview:-1"},"canonical":"https:\/\/cheri-heater.com\/esp\/product\/cartridge-heater-for-3d-printer\/","og_locale":"en_US","og_type":"article","og_title":"Fabricantes de calentadores para impresoras 3D de alta calidad | Cheri-heater.com","og_description":"Principales fabricantes de calentadores para impresoras 3D que ofrecen soluciones de calefacci\u00f3n fiables y precisas para un rendimiento \u00f3ptimo en la impresi\u00f3n 3D. \u00a1Cont\u00e1ctenos para dise\u00f1os personalizados","og_url":"https:\/\/cheri-heater.com\/esp\/product\/cartridge-heater-for-3d-printer\/","og_site_name":"Cheri Heater Technology Co.,Ltd.","article_modified_time":"2024-07-27T11:47:10+00:00","og_image":[{"width":786,"height":572,"url":"https:\/\/cheri-heater.com\/esp\/wp-content\/uploads\/2024\/06\/Cheri-Electrothermal-Equipment-Limited-Company-31.jpg","type":"image\/jpeg"}],"twitter_card":"summary_large_image","twitter_misc":{"Est. reading time":"2 minutes"},"schema":{"@context":"https:\/\/schema.org","@graph":[{"@type":"WebPage","@id":"https:\/\/cheri-heater.com\/esp\/product\/cartridge-heater-for-3d-printer\/","url":"https:\/\/cheri-heater.com\/esp\/product\/cartridge-heater-for-3d-printer\/","name":"Fabricantes de calentadores para impresoras 3D de alta calidad | Cheri-heater.com","isPartOf":{"@id":"https:\/\/cheri-heater.com\/esp\/#website"},"primaryImageOfPage":{"@id":"https:\/\/cheri-heater.com\/esp\/product\/cartridge-heater-for-3d-printer\/#primaryimage"},"image":{"@id":"https:\/\/cheri-heater.com\/esp\/product\/cartridge-heater-for-3d-printer\/#primaryimage"},"thumbnailUrl":"https:\/\/cheri-heater.com\/esp\/wp-content\/uploads\/2024\/06\/Cheri-Electrothermal-Equipment-Limited-Company-31.jpg","datePublished":"2024-06-04T18:00:13+00:00","dateModified":"2024-07-27T11:47:10+00:00","description":"Principales fabricantes de calentadores para impresoras 3D que ofrecen soluciones de calefacci\u00f3n fiables y precisas para un rendimiento \u00f3ptimo en la impresi\u00f3n 3D. \u00a1Cont\u00e1ctenos para dise\u00f1os personalizados","breadcrumb":{"@id":"https:\/\/cheri-heater.com\/esp\/product\/cartridge-heater-for-3d-printer\/#breadcrumb"},"inLanguage":"en-US","potentialAction":[{"@type":"ReadAction","target":["https:\/\/cheri-heater.com\/esp\/product\/cartridge-heater-for-3d-printer\/"]}]},{"@type":"ImageObject","inLanguage":"en-US","@id":"https:\/\/cheri-heater.com\/esp\/product\/cartridge-heater-for-3d-printer\/#primaryimage","url":"https:\/\/cheri-heater.com\/esp\/wp-content\/uploads\/2024\/06\/Cheri-Electrothermal-Equipment-Limited-Company-31.jpg","contentUrl":"https:\/\/cheri-heater.com\/esp\/wp-content\/uploads\/2024\/06\/Cheri-Electrothermal-Equipment-Limited-Company-31.jpg","width":786,"height":572},{"@type":"BreadcrumbList","@id":"https:\/\/cheri-heater.com\/esp\/product\/cartridge-heater-for-3d-printer\/#breadcrumb","itemListElement":[{"@type":"ListItem","position":1,"name":"Home","item":"https:\/\/cheri-heater.com\/esp\/"},{"@type":"ListItem","position":2,"name":"Products","item":"https:\/\/cheri-heater.com\/esp\/products\/"},{"@type":"ListItem","position":3,"name":"calentador de cartucho para impresora 3D"}]},{"@type":"WebSite","@id":"https:\/\/cheri-heater.com\/esp\/#website","url":"https:\/\/cheri-heater.com\/esp\/","name":"Cheri Heater Technology Co.,Ltd.","description":"","publisher":{"@id":"https:\/\/cheri-heater.com\/esp\/#organization"},"potentialAction":[{"@type":"SearchAction","target":{"@type":"EntryPoint","urlTemplate":"https:\/\/cheri-heater.com\/esp\/?s={search_term_string}"},"query-input":{"@type":"PropertyValueSpecification","valueRequired":true,"valueName":"search_term_string"}}],"inLanguage":"en-US"},{"@type":"Organization","@id":"https:\/\/cheri-heater.com\/esp\/#organization","name":"Cheri Heater Technology Co.,Ltd.","url":"https:\/\/cheri-heater.com\/esp\/","logo":{"@type":"ImageObject","inLanguage":"en-US","@id":"https:\/\/cheri-heater.com\/esp\/#\/schema\/logo\/image\/","url":"https:\/\/cheri-heater.com\/esp\/wp-content\/uploads\/2024\/06\/cropped-logo-resize.png","contentUrl":"https:\/\/cheri-heater.com\/esp\/wp-content\/uploads\/2024\/06\/cropped-logo-resize.png","width":346,"height":99,"caption":"Cheri Heater Technology Co.,Ltd."},"image":{"@id":"https:\/\/cheri-heater.com\/esp\/#\/schema\/logo\/image\/"}}]}},"_links":{"self":[{"href":"https:\/\/cheri-heater.com\/esp\/wp-json\/wp\/v2\/product\/916","targetHints":{"allow":["GET"]}}],"collection":[{"href":"https:\/\/cheri-heater.com\/esp\/wp-json\/wp\/v2\/product"}],"about":[{"href":"https:\/\/cheri-heater.com\/esp\/wp-json\/wp\/v2\/types\/product"}],"wp:featuredmedia":[{"embeddable":true,"href":"https:\/\/cheri-heater.com\/esp\/wp-json\/wp\/v2\/media\/938"}],"wp:attachment":[{"href":"https:\/\/cheri-heater.com\/esp\/wp-json\/wp\/v2\/media?parent=916"}],"wp:term":[{"taxonomy":"product_brand","embeddable":true,"href":"https:\/\/cheri-heater.com\/esp\/wp-json\/wp\/v2\/product_brand?post=916"},{"taxonomy":"product_cat","embeddable":true,"href":"https:\/\/cheri-heater.com\/esp\/wp-json\/wp\/v2\/product_cat?post=916"},{"taxonomy":"product_tag","embeddable":true,"href":"https:\/\/cheri-heater.com\/esp\/wp-json\/wp\/v2\/product_tag?post=916"}],"curies":[{"name":"wp","href":"https:\/\/api.w.org\/{rel}","templated":true}]}}