{"id":939,"date":"2024-06-04T18:00:32","date_gmt":"2024-06-04T18:00:32","guid":{"rendered":"https:\/\/cheri-heater.com\/esp\/?post_type=product&#038;p=939"},"modified":"2024-07-27T11:49:32","modified_gmt":"2024-07-27T11:49:32","slug":"cartridge-heater-for-co2-heater","status":"publish","type":"product","link":"https:\/\/cheri-heater.com\/esp\/product\/cartridge-heater-for-co2-heater\/","title":{"rendered":"calentador de cartucho para calentador de CO2"},"content":{"rendered":"","protected":false},"excerpt":{"rendered":"<h2><span lang=\"ES\" style=\"color: #000000;\">Mejor Fabricante de Calentadores de CO2<\/span><\/h2>\n<p class=\"Normal1\"><span lang=\"ES\" style=\"color: #000000;\">Cheri Heater Technology Co. es un destacado fabricante de calentadores de CO2 con una amplia gama de productos que ofrecen una excelente transferencia de calor y una larga vida \u00fatil. Fabricamos nuestros productos utilizando materiales de la m\u00e1s alta calidad y cumpliendo con los est\u00e1ndares m\u00e1s exigentes para soportar par\u00e1metros ambientales severos.<\/span><\/p>\n<p class=\"Normal1\"><span lang=\"ES\" style=\"color: #000000;\">Somos fabricantes confiables de calentadores de CO2 para calentar matrices, planchas, moldes y otras aplicaciones que requieren calefacci\u00f3n localizada. Nuestros calentadores pueden usarse para temperaturas de hasta 800 grados Celsius.<\/span><\/p>\n<p class=\"Normal1\"><span lang=\"ES\" style=\"color: #000000;\">Nuestros calentadores de CO2 previenen la congelaci\u00f3n y la formaci\u00f3n de hielo seco en los reguladores de presi\u00f3n para proporcionar un suministro estable de gas de protecci\u00f3n. Tambi\u00e9n son accesorios convenientes para los cilindros de gas. Cheri Heater Co. garantiza altos est\u00e1ndares de seguridad y fiabilidad para asegurar que nuestro equipo y productos sean seguros de usar en todo tipo de temperaturas extremas.<\/span><\/p>\n<h3><span style=\"color: #000000;\"><a style=\"color: #000000;\" name=\"_dzb2ukqsgyuy\"><\/a><span lang=\"ES\">\u00bfQu\u00e9 son los Calentadores de CO2?<\/span><\/span><\/h3>\n<p class=\"Normal1\"><span lang=\"ES\" style=\"color: #000000;\">Los calentadores de CO2 son dispositivos el\u00e9ctricos que utilizan resistencia el\u00e9ctrica para calentar CO2, di\u00f3xido de carbono, o nitr\u00f3geno. Nuestros calentadores de cartucho est\u00e1n disponibles en varios tama\u00f1os m\u00e9tricos e imperiales seg\u00fan su demanda. Cuando el CO2 se descomprime r\u00e1pidamente o se transfiere a alta velocidad, causar\u00e1 absorci\u00f3n de calor y congelaci\u00f3n. En esta situaci\u00f3n, los calentadores de CO2 pueden ayudar a prevenir la congelaci\u00f3n.<\/span><\/p>\n<h3><span style=\"color: #000000;\"><a style=\"color: #000000;\" name=\"_ibngg91v3xsg\"><\/a><span lang=\"ES\">Aplicaciones de los Calentadores de CO2<\/span><\/span><\/h3>\n<p class=\"Normal1\"><span lang=\"ES\" style=\"color: #000000;\">Somos l\u00edderes en la fabricaci\u00f3n de calentadores de CO2 para las industrias de procesamiento de alimentos, tratamiento t\u00e9rmico y manufactura. Nuestros calentadores de cartucho tambi\u00e9n pueden calentar agua o gases. Otras aplicaciones de los calentadores de CO2 incluyen, pero no se limitan a, tecnolog\u00eda m\u00e9dica, productos qu\u00edmicos, electr\u00f3nica, embalaje e industrias nucleares.<\/span><\/p>\n","protected":false},"featured_media":942,"template":"","meta":[],"product_brand":[],"product_cat":[21],"product_tag":[153],"class_list":{"0":"post-939","1":"product","2":"type-product","3":"status-publish","4":"has-post-thumbnail","6":"product_cat-cartridge-heater","7":"product_tag-cartridge-heater-for-co2-heater","9":"first","10":"instock","11":"shipping-taxable","12":"product-type-simple"},"yoast_head":"<!-- This site is optimized with the Yoast SEO plugin v27.3 - https:\/\/yoast.com\/product\/yoast-seo-wordpress\/ -->\n<title>Mejor fabricante de calentadores de CO2 en China | Cheri-heater.com<\/title>\n<meta name=\"description\" content=\"\u00bfBusca un fabricante de calentadores de CO2 de confianza? Ofrecemos calentadores de CO2 de primera calidad, eficientes y fiables, dise\u00f1ados para satisfacer sus necesidades espec\u00edficas.\" \/>\n<meta name=\"robots\" content=\"index, follow, max-snippet:-1, max-image-preview:large, max-video-preview:-1\" \/>\n<link rel=\"canonical\" href=\"https:\/\/cheri-heater.com\/esp\/product\/cartridge-heater-for-co2-heater\/\" \/>\n<meta property=\"og:locale\" content=\"en_US\" \/>\n<meta property=\"og:type\" content=\"article\" \/>\n<meta property=\"og:title\" content=\"Mejor fabricante de calentadores de CO2 en China | Cheri-heater.com\" \/>\n<meta property=\"og:description\" content=\"\u00bfBusca un fabricante de calentadores de CO2 de confianza? Ofrecemos calentadores de CO2 de primera calidad, eficientes y fiables, dise\u00f1ados para satisfacer sus necesidades espec\u00edficas.\" \/>\n<meta property=\"og:url\" content=\"https:\/\/cheri-heater.com\/esp\/product\/cartridge-heater-for-co2-heater\/\" \/>\n<meta property=\"og:site_name\" content=\"Cheri Heater Technology Co.,Ltd.\" \/>\n<meta property=\"article:modified_time\" content=\"2024-07-27T11:49:32+00:00\" \/>\n<meta property=\"og:image\" content=\"https:\/\/cheri-heater.com\/esp\/wp-content\/uploads\/2024\/06\/Cheri-Electrothermal-Equipment-Limited-Company-25.jpg\" \/>\n\t<meta property=\"og:image:width\" content=\"780\" \/>\n\t<meta property=\"og:image:height\" content=\"560\" \/>\n\t<meta property=\"og:image:type\" content=\"image\/jpeg\" \/>\n<meta name=\"twitter:card\" content=\"summary_large_image\" \/>\n<meta name=\"twitter:label1\" content=\"Est. reading time\" \/>\n\t<meta name=\"twitter:data1\" content=\"1 minute\" \/>\n<!-- \/ Yoast SEO plugin. -->","yoast_head_json":{"title":"Mejor fabricante de calentadores de CO2 en China | Cheri-heater.com","description":"\u00bfBusca un fabricante de calentadores de CO2 de confianza? Ofrecemos calentadores de CO2 de primera calidad, eficientes y fiables, dise\u00f1ados para satisfacer sus necesidades espec\u00edficas.","robots":{"index":"index","follow":"follow","max-snippet":"max-snippet:-1","max-image-preview":"max-image-preview:large","max-video-preview":"max-video-preview:-1"},"canonical":"https:\/\/cheri-heater.com\/esp\/product\/cartridge-heater-for-co2-heater\/","og_locale":"en_US","og_type":"article","og_title":"Mejor fabricante de calentadores de CO2 en China | Cheri-heater.com","og_description":"\u00bfBusca un fabricante de calentadores de CO2 de confianza? Ofrecemos calentadores de CO2 de primera calidad, eficientes y fiables, dise\u00f1ados para satisfacer sus necesidades espec\u00edficas.","og_url":"https:\/\/cheri-heater.com\/esp\/product\/cartridge-heater-for-co2-heater\/","og_site_name":"Cheri Heater Technology Co.,Ltd.","article_modified_time":"2024-07-27T11:49:32+00:00","og_image":[{"width":780,"height":560,"url":"https:\/\/cheri-heater.com\/esp\/wp-content\/uploads\/2024\/06\/Cheri-Electrothermal-Equipment-Limited-Company-25.jpg","type":"image\/jpeg"}],"twitter_card":"summary_large_image","twitter_misc":{"Est. reading time":"1 minute"},"schema":{"@context":"https:\/\/schema.org","@graph":[{"@type":"WebPage","@id":"https:\/\/cheri-heater.com\/esp\/product\/cartridge-heater-for-co2-heater\/","url":"https:\/\/cheri-heater.com\/esp\/product\/cartridge-heater-for-co2-heater\/","name":"Mejor fabricante de calentadores de CO2 en China | Cheri-heater.com","isPartOf":{"@id":"https:\/\/cheri-heater.com\/esp\/#website"},"primaryImageOfPage":{"@id":"https:\/\/cheri-heater.com\/esp\/product\/cartridge-heater-for-co2-heater\/#primaryimage"},"image":{"@id":"https:\/\/cheri-heater.com\/esp\/product\/cartridge-heater-for-co2-heater\/#primaryimage"},"thumbnailUrl":"https:\/\/cheri-heater.com\/esp\/wp-content\/uploads\/2024\/06\/Cheri-Electrothermal-Equipment-Limited-Company-25.jpg","datePublished":"2024-06-04T18:00:32+00:00","dateModified":"2024-07-27T11:49:32+00:00","description":"\u00bfBusca un fabricante de calentadores de CO2 de confianza? Ofrecemos calentadores de CO2 de primera calidad, eficientes y fiables, dise\u00f1ados para satisfacer sus necesidades espec\u00edficas.","breadcrumb":{"@id":"https:\/\/cheri-heater.com\/esp\/product\/cartridge-heater-for-co2-heater\/#breadcrumb"},"inLanguage":"en-US","potentialAction":[{"@type":"ReadAction","target":["https:\/\/cheri-heater.com\/esp\/product\/cartridge-heater-for-co2-heater\/"]}]},{"@type":"ImageObject","inLanguage":"en-US","@id":"https:\/\/cheri-heater.com\/esp\/product\/cartridge-heater-for-co2-heater\/#primaryimage","url":"https:\/\/cheri-heater.com\/esp\/wp-content\/uploads\/2024\/06\/Cheri-Electrothermal-Equipment-Limited-Company-25.jpg","contentUrl":"https:\/\/cheri-heater.com\/esp\/wp-content\/uploads\/2024\/06\/Cheri-Electrothermal-Equipment-Limited-Company-25.jpg","width":780,"height":560},{"@type":"BreadcrumbList","@id":"https:\/\/cheri-heater.com\/esp\/product\/cartridge-heater-for-co2-heater\/#breadcrumb","itemListElement":[{"@type":"ListItem","position":1,"name":"Home","item":"https:\/\/cheri-heater.com\/esp\/"},{"@type":"ListItem","position":2,"name":"Products","item":"https:\/\/cheri-heater.com\/esp\/products\/"},{"@type":"ListItem","position":3,"name":"calentador de cartucho para calentador de CO2"}]},{"@type":"WebSite","@id":"https:\/\/cheri-heater.com\/esp\/#website","url":"https:\/\/cheri-heater.com\/esp\/","name":"Cheri Heater Technology Co.,Ltd.","description":"","publisher":{"@id":"https:\/\/cheri-heater.com\/esp\/#organization"},"potentialAction":[{"@type":"SearchAction","target":{"@type":"EntryPoint","urlTemplate":"https:\/\/cheri-heater.com\/esp\/?s={search_term_string}"},"query-input":{"@type":"PropertyValueSpecification","valueRequired":true,"valueName":"search_term_string"}}],"inLanguage":"en-US"},{"@type":"Organization","@id":"https:\/\/cheri-heater.com\/esp\/#organization","name":"Cheri Heater Technology Co.,Ltd.","url":"https:\/\/cheri-heater.com\/esp\/","logo":{"@type":"ImageObject","inLanguage":"en-US","@id":"https:\/\/cheri-heater.com\/esp\/#\/schema\/logo\/image\/","url":"https:\/\/cheri-heater.com\/esp\/wp-content\/uploads\/2024\/06\/cropped-logo-resize.png","contentUrl":"https:\/\/cheri-heater.com\/esp\/wp-content\/uploads\/2024\/06\/cropped-logo-resize.png","width":346,"height":99,"caption":"Cheri Heater Technology Co.,Ltd."},"image":{"@id":"https:\/\/cheri-heater.com\/esp\/#\/schema\/logo\/image\/"}}]}},"_links":{"self":[{"href":"https:\/\/cheri-heater.com\/esp\/wp-json\/wp\/v2\/product\/939","targetHints":{"allow":["GET"]}}],"collection":[{"href":"https:\/\/cheri-heater.com\/esp\/wp-json\/wp\/v2\/product"}],"about":[{"href":"https:\/\/cheri-heater.com\/esp\/wp-json\/wp\/v2\/types\/product"}],"wp:featuredmedia":[{"embeddable":true,"href":"https:\/\/cheri-heater.com\/esp\/wp-json\/wp\/v2\/media\/942"}],"wp:attachment":[{"href":"https:\/\/cheri-heater.com\/esp\/wp-json\/wp\/v2\/media?parent=939"}],"wp:term":[{"taxonomy":"product_brand","embeddable":true,"href":"https:\/\/cheri-heater.com\/esp\/wp-json\/wp\/v2\/product_brand?post=939"},{"taxonomy":"product_cat","embeddable":true,"href":"https:\/\/cheri-heater.com\/esp\/wp-json\/wp\/v2\/product_cat?post=939"},{"taxonomy":"product_tag","embeddable":true,"href":"https:\/\/cheri-heater.com\/esp\/wp-json\/wp\/v2\/product_tag?post=939"}],"curies":[{"name":"wp","href":"https:\/\/api.w.org\/{rel}","templated":true}]}}